{"id":37,"date":"2023-08-28T11:51:08","date_gmt":"2023-08-28T11:51:08","guid":{"rendered":"http:\/\/www.lidermekatronik.com.tr\/?page_id=37"},"modified":"2024-09-19T07:08:42","modified_gmt":"2024-09-19T07:08:42","slug":"calismalarimiz","status":"publish","type":"page","link":"https:\/\/www.lidermekatronik.com.tr\/?page_id=37","title":{"rendered":"\u00c7al\u0131\u015fmalar\u0131m\u0131z"},"content":{"rendered":"\n<div style=\"height:106px\" aria-hidden=\"true\" class=\"wp-block-spacer\"><\/div>\n\n\n\n<figure class=\"wp-block-gallery has-nested-images columns-default is-cropped wp-block-gallery-1 is-layout-flex wp-block-gallery-is-layout-flex\">\n<figure class=\"wp-block-image size-large\"><img loading=\"lazy\" decoding=\"async\" width=\"768\" height=\"1024\" data-id=\"211\" src=\"https:\/\/www.lidermekatronik.com.tr\/wp-content\/uploads\/2024\/09\/WhatsApp-Image-2024-08-16-at-15.37.31_52c6110c-1-768x1024.jpg\" alt=\"\" class=\"wp-image-211\" srcset=\"https:\/\/www.lidermekatronik.com.tr\/wp-content\/uploads\/2024\/09\/WhatsApp-Image-2024-08-16-at-15.37.31_52c6110c-1-768x1024.jpg 768w, https:\/\/www.lidermekatronik.com.tr\/wp-content\/uploads\/2024\/09\/WhatsApp-Image-2024-08-16-at-15.37.31_52c6110c-1-225x300.jpg 225w, https:\/\/www.lidermekatronik.com.tr\/wp-content\/uploads\/2024\/09\/WhatsApp-Image-2024-08-16-at-15.37.31_52c6110c-1-1152x1536.jpg 1152w, https:\/\/www.lidermekatronik.com.tr\/wp-content\/uploads\/2024\/09\/WhatsApp-Image-2024-08-16-at-15.37.31_52c6110c-1-1536x2048.jpg 1536w, https:\/\/www.lidermekatronik.com.tr\/wp-content\/uploads\/2024\/09\/WhatsApp-Image-2024-08-16-at-15.37.31_52c6110c-1-scaled.jpg 1920w\" sizes=\"(max-width: 768px) 100vw, 768px\" \/><\/figure>\n\n\n\n<figure class=\"wp-block-image size-large\"><img loading=\"lazy\" decoding=\"async\" width=\"768\" height=\"1024\" data-id=\"212\" src=\"https:\/\/www.lidermekatronik.com.tr\/wp-content\/uploads\/2024\/09\/WhatsApp-Image-2024-08-16-at-15.37.32_463282c7-1-768x1024.jpg\" alt=\"\" class=\"wp-image-212\" srcset=\"https:\/\/www.lidermekatronik.com.tr\/wp-content\/uploads\/2024\/09\/WhatsApp-Image-2024-08-16-at-15.37.32_463282c7-1-768x1024.jpg 768w, https:\/\/www.lidermekatronik.com.tr\/wp-content\/uploads\/2024\/09\/WhatsApp-Image-2024-08-16-at-15.37.32_463282c7-1-225x300.jpg 225w, https:\/\/www.lidermekatronik.com.tr\/wp-content\/uploads\/2024\/09\/WhatsApp-Image-2024-08-16-at-15.37.32_463282c7-1-1152x1536.jpg 1152w, https:\/\/www.lidermekatronik.com.tr\/wp-content\/uploads\/2024\/09\/WhatsApp-Image-2024-08-16-at-15.37.32_463282c7-1-1536x2048.jpg 1536w, https:\/\/www.lidermekatronik.com.tr\/wp-content\/uploads\/2024\/09\/WhatsApp-Image-2024-08-16-at-15.37.32_463282c7-1-scaled.jpg 1920w\" sizes=\"(max-width: 768px) 100vw, 768px\" \/><\/figure>\n<\/figure>\n\n\n\n<figure class=\"wp-block-gallery has-nested-images columns-default is-cropped wp-block-gallery-2 is-layout-flex wp-block-gallery-is-layout-flex\">\n<figure class=\"wp-block-image size-large\"><img loading=\"lazy\" decoding=\"async\" width=\"768\" height=\"1024\" data-id=\"213\" src=\"https:\/\/www.lidermekatronik.com.tr\/wp-content\/uploads\/2024\/09\/WhatsApp-Image-2024-08-16-at-15.37.33_d018edd1-1-768x1024.jpg\" alt=\"\" class=\"wp-image-213\" srcset=\"https:\/\/www.lidermekatronik.com.tr\/wp-content\/uploads\/2024\/09\/WhatsApp-Image-2024-08-16-at-15.37.33_d018edd1-1-768x1024.jpg 768w, https:\/\/www.lidermekatronik.com.tr\/wp-content\/uploads\/2024\/09\/WhatsApp-Image-2024-08-16-at-15.37.33_d018edd1-1-225x300.jpg 225w, https:\/\/www.lidermekatronik.com.tr\/wp-content\/uploads\/2024\/09\/WhatsApp-Image-2024-08-16-at-15.37.33_d018edd1-1-1152x1536.jpg 1152w, https:\/\/www.lidermekatronik.com.tr\/wp-content\/uploads\/2024\/09\/WhatsApp-Image-2024-08-16-at-15.37.33_d018edd1-1-1536x2048.jpg 1536w, https:\/\/www.lidermekatronik.com.tr\/wp-content\/uploads\/2024\/09\/WhatsApp-Image-2024-08-16-at-15.37.33_d018edd1-1-scaled.jpg 1920w\" sizes=\"(max-width: 768px) 100vw, 768px\" \/><\/figure>\n\n\n\n<figure class=\"wp-block-image size-large\"><img loading=\"lazy\" decoding=\"async\" width=\"768\" height=\"1024\" data-id=\"214\" src=\"https:\/\/www.lidermekatronik.com.tr\/wp-content\/uploads\/2024\/09\/WhatsApp-Image-2024-08-16-at-15.37.33_e2e2500f-1-768x1024.jpg\" alt=\"\" class=\"wp-image-214\" srcset=\"https:\/\/www.lidermekatronik.com.tr\/wp-content\/uploads\/2024\/09\/WhatsApp-Image-2024-08-16-at-15.37.33_e2e2500f-1-768x1024.jpg 768w, https:\/\/www.lidermekatronik.com.tr\/wp-content\/uploads\/2024\/09\/WhatsApp-Image-2024-08-16-at-15.37.33_e2e2500f-1-225x300.jpg 225w, https:\/\/www.lidermekatronik.com.tr\/wp-content\/uploads\/2024\/09\/WhatsApp-Image-2024-08-16-at-15.37.33_e2e2500f-1-1152x1536.jpg 1152w, https:\/\/www.lidermekatronik.com.tr\/wp-content\/uploads\/2024\/09\/WhatsApp-Image-2024-08-16-at-15.37.33_e2e2500f-1-1536x2048.jpg 1536w, https:\/\/www.lidermekatronik.com.tr\/wp-content\/uploads\/2024\/09\/WhatsApp-Image-2024-08-16-at-15.37.33_e2e2500f-1-scaled.jpg 1920w\" sizes=\"(max-width: 768px) 100vw, 768px\" \/><\/figure>\n<\/figure>\n\n\n\n<figure class=\"wp-block-gallery has-nested-images columns-default is-cropped wp-block-gallery-3 is-layout-flex wp-block-gallery-is-layout-flex\">\n<figure class=\"wp-block-image size-large\"><img loading=\"lazy\" decoding=\"async\" width=\"1024\" height=\"768\" data-id=\"216\" src=\"https:\/\/www.lidermekatronik.com.tr\/wp-content\/uploads\/2024\/09\/WhatsApp-Image-2024-08-16-at-15.37.34_51c5b727-1-1024x768.jpg\" alt=\"\" class=\"wp-image-216\" srcset=\"https:\/\/www.lidermekatronik.com.tr\/wp-content\/uploads\/2024\/09\/WhatsApp-Image-2024-08-16-at-15.37.34_51c5b727-1-1024x768.jpg 1024w, https:\/\/www.lidermekatronik.com.tr\/wp-content\/uploads\/2024\/09\/WhatsApp-Image-2024-08-16-at-15.37.34_51c5b727-1-300x225.jpg 300w, https:\/\/www.lidermekatronik.com.tr\/wp-content\/uploads\/2024\/09\/WhatsApp-Image-2024-08-16-at-15.37.34_51c5b727-1-768x576.jpg 768w, https:\/\/www.lidermekatronik.com.tr\/wp-content\/uploads\/2024\/09\/WhatsApp-Image-2024-08-16-at-15.37.34_51c5b727-1-1536x1152.jpg 1536w, https:\/\/www.lidermekatronik.com.tr\/wp-content\/uploads\/2024\/09\/WhatsApp-Image-2024-08-16-at-15.37.34_51c5b727-1-2048x1536.jpg 2048w\" sizes=\"(max-width: 1024px) 100vw, 1024px\" \/><\/figure>\n\n\n\n<figure class=\"wp-block-image size-large\"><img loading=\"lazy\" decoding=\"async\" width=\"768\" height=\"1024\" data-id=\"215\" src=\"https:\/\/www.lidermekatronik.com.tr\/wp-content\/uploads\/2024\/09\/WhatsApp-Image-2024-08-16-at-15.37.34_83d76d9c-1-768x1024.jpg\" alt=\"\" class=\"wp-image-215\" srcset=\"https:\/\/www.lidermekatronik.com.tr\/wp-content\/uploads\/2024\/09\/WhatsApp-Image-2024-08-16-at-15.37.34_83d76d9c-1-768x1024.jpg 768w, https:\/\/www.lidermekatronik.com.tr\/wp-content\/uploads\/2024\/09\/WhatsApp-Image-2024-08-16-at-15.37.34_83d76d9c-1-225x300.jpg 225w, https:\/\/www.lidermekatronik.com.tr\/wp-content\/uploads\/2024\/09\/WhatsApp-Image-2024-08-16-at-15.37.34_83d76d9c-1-1152x1536.jpg 1152w, https:\/\/www.lidermekatronik.com.tr\/wp-content\/uploads\/2024\/09\/WhatsApp-Image-2024-08-16-at-15.37.34_83d76d9c-1-1536x2048.jpg 1536w, https:\/\/www.lidermekatronik.com.tr\/wp-content\/uploads\/2024\/09\/WhatsApp-Image-2024-08-16-at-15.37.34_83d76d9c-1-scaled.jpg 1920w\" sizes=\"(max-width: 768px) 100vw, 768px\" \/><\/figure>\n<\/figure>\n\n\n\n<figure class=\"wp-block-gallery has-nested-images columns-default is-cropped wp-block-gallery-4 is-layout-flex wp-block-gallery-is-layout-flex\">\n<figure class=\"wp-block-image size-large\"><img loading=\"lazy\" decoding=\"async\" width=\"1024\" height=\"768\" data-id=\"217\" src=\"https:\/\/www.lidermekatronik.com.tr\/wp-content\/uploads\/2024\/09\/WhatsApp-Image-2024-08-16-at-15.37.34_8406952a-1-1024x768.jpg\" alt=\"\" class=\"wp-image-217\" srcset=\"https:\/\/www.lidermekatronik.com.tr\/wp-content\/uploads\/2024\/09\/WhatsApp-Image-2024-08-16-at-15.37.34_8406952a-1-1024x768.jpg 1024w, https:\/\/www.lidermekatronik.com.tr\/wp-content\/uploads\/2024\/09\/WhatsApp-Image-2024-08-16-at-15.37.34_8406952a-1-300x225.jpg 300w, https:\/\/www.lidermekatronik.com.tr\/wp-content\/uploads\/2024\/09\/WhatsApp-Image-2024-08-16-at-15.37.34_8406952a-1-768x576.jpg 768w, https:\/\/www.lidermekatronik.com.tr\/wp-content\/uploads\/2024\/09\/WhatsApp-Image-2024-08-16-at-15.37.34_8406952a-1-1536x1152.jpg 1536w, https:\/\/www.lidermekatronik.com.tr\/wp-content\/uploads\/2024\/09\/WhatsApp-Image-2024-08-16-at-15.37.34_8406952a-1-2048x1536.jpg 2048w\" sizes=\"(max-width: 1024px) 100vw, 1024px\" \/><\/figure>\n\n\n\n<figure class=\"wp-block-image size-large\"><img loading=\"lazy\" decoding=\"async\" width=\"768\" height=\"1024\" data-id=\"219\" src=\"https:\/\/www.lidermekatronik.com.tr\/wp-content\/uploads\/2024\/09\/WhatsApp-Image-2024-08-16-at-15.37.35_dc0b80c4-1-768x1024.jpg\" alt=\"\" class=\"wp-image-219\" srcset=\"https:\/\/www.lidermekatronik.com.tr\/wp-content\/uploads\/2024\/09\/WhatsApp-Image-2024-08-16-at-15.37.35_dc0b80c4-1-768x1024.jpg 768w, https:\/\/www.lidermekatronik.com.tr\/wp-content\/uploads\/2024\/09\/WhatsApp-Image-2024-08-16-at-15.37.35_dc0b80c4-1-225x300.jpg 225w, https:\/\/www.lidermekatronik.com.tr\/wp-content\/uploads\/2024\/09\/WhatsApp-Image-2024-08-16-at-15.37.35_dc0b80c4-1-1152x1536.jpg 1152w, https:\/\/www.lidermekatronik.com.tr\/wp-content\/uploads\/2024\/09\/WhatsApp-Image-2024-08-16-at-15.37.35_dc0b80c4-1-1536x2048.jpg 1536w, https:\/\/www.lidermekatronik.com.tr\/wp-content\/uploads\/2024\/09\/WhatsApp-Image-2024-08-16-at-15.37.35_dc0b80c4-1-scaled.jpg 1920w\" sizes=\"(max-width: 768px) 100vw, 768px\" \/><\/figure>\n<\/figure>\n\n\n\n<figure class=\"wp-block-image size-large\"><img loading=\"lazy\" decoding=\"async\" width=\"768\" height=\"1024\" src=\"https:\/\/www.lidermekatronik.com.tr\/wp-content\/uploads\/2024\/09\/WhatsApp-Image-2024-08-16-at-15.37.35_b52f9f60-2-768x1024.jpg\" alt=\"\" class=\"wp-image-220\" srcset=\"https:\/\/www.lidermekatronik.com.tr\/wp-content\/uploads\/2024\/09\/WhatsApp-Image-2024-08-16-at-15.37.35_b52f9f60-2-768x1024.jpg 768w, https:\/\/www.lidermekatronik.com.tr\/wp-content\/uploads\/2024\/09\/WhatsApp-Image-2024-08-16-at-15.37.35_b52f9f60-2-225x300.jpg 225w, https:\/\/www.lidermekatronik.com.tr\/wp-content\/uploads\/2024\/09\/WhatsApp-Image-2024-08-16-at-15.37.35_b52f9f60-2-1152x1536.jpg 1152w, https:\/\/www.lidermekatronik.com.tr\/wp-content\/uploads\/2024\/09\/WhatsApp-Image-2024-08-16-at-15.37.35_b52f9f60-2-1536x2048.jpg 1536w, https:\/\/www.lidermekatronik.com.tr\/wp-content\/uploads\/2024\/09\/WhatsApp-Image-2024-08-16-at-15.37.35_b52f9f60-2-scaled.jpg 1920w\" sizes=\"(max-width: 768px) 100vw, 768px\" \/><\/figure>\n","protected":false},"excerpt":{"rendered":"","protected":false},"author":1,"featured_media":0,"parent":0,"menu_order":0,"comment_status":"closed","ping_status":"closed","template":"","meta":{"footnotes":""},"_links":{"self":[{"href":"https:\/\/www.lidermekatronik.com.tr\/index.php?rest_route=\/wp\/v2\/pages\/37"}],"collection":[{"href":"https:\/\/www.lidermekatronik.com.tr\/index.php?rest_route=\/wp\/v2\/pages"}],"about":[{"href":"https:\/\/www.lidermekatronik.com.tr\/index.php?rest_route=\/wp\/v2\/types\/page"}],"author":[{"embeddable":true,"href":"https:\/\/www.lidermekatronik.com.tr\/index.php?rest_route=\/wp\/v2\/users\/1"}],"replies":[{"embeddable":true,"href":"https:\/\/www.lidermekatronik.com.tr\/index.php?rest_route=%2Fwp%2Fv2%2Fcomments&post=37"}],"version-history":[{"count":4,"href":"https:\/\/www.lidermekatronik.com.tr\/index.php?rest_route=\/wp\/v2\/pages\/37\/revisions"}],"predecessor-version":[{"id":200,"href":"https:\/\/www.lidermekatronik.com.tr\/index.php?rest_route=\/wp\/v2\/pages\/37\/revisions\/200"}],"wp:attachment":[{"href":"https:\/\/www.lidermekatronik.com.tr\/index.php?rest_route=%2Fwp%2Fv2%2Fmedia&parent=37"}],"curies":[{"name":"wp","href":"https:\/\/api.w.org\/{rel}","templated":true}]}}